{"id":465,"date":"2016-04-03T21:29:51","date_gmt":"2016-04-03T19:29:51","guid":{"rendered":"http:\/\/www.sledczy.pl\/?page_id=465"},"modified":"2020-09-29T00:10:47","modified_gmt":"2020-09-28T22:10:47","slug":"ksiazki","status":"publish","type":"page","link":"https:\/\/www.sledczy.pl\/?page_id=465","title":{"rendered":"Ksi\u0105\u017cki"},"content":{"rendered":"<p><a href=\"http:\/\/kiop.sledczy.pl\/prequel-motyw\/\"><strong>Kr\u00f3tka instrukcja obs\u0142ugi psa: Motyw<\/strong> &#8211; uka\u017ce si\u0119 w grudniu 2020<\/a><br \/>\n<strong>Rozstrzelani za uratowanie kobiety<\/strong> &#8211; Wydawnictwo Vesper 2018<br \/>\n<strong>Sprawa Jaros\u0142awa Zi\u0119tary<\/strong> &#8211; Wydawnictwo Sumptibus 2016, Oficyna KaeMKa i Wydawnictwo Sumptibus 2018<br \/>\n<strong>Kr\u00f3tka instrukcja obs\u0142ugi psa: Zemsta<\/strong> &#8211; Wydawnictwo Zysk i s-ka 2016<br \/>\n<strong>Kr\u00f3tka instrukcja obs\u0142ugi psa<\/strong> &#8211; Wydawnictwo Zysk i s-ka 2016<br \/>\n<strong>Sprawa Zi\u0119tary. Zbrodnia i kl\u0119ska pa\u0144stwa<\/strong> (wsp\u00f3\u0142autor) &#8211; Wydawnictwo Zysk i s-ka 2015<br \/>\n<strong>Oni tworzyli Solidarno\u015b\u0107<\/strong> (wsp\u00f3\u0142autor) &#8211; Polskapresse 2010<br \/>\n<strong>Lew z G\u0142\u00f3wnej<\/strong> &#8211; Wydawnictwo Miejskie 2010<br \/>\n<strong>Tajne spec. znaczenia<\/strong> &#8211; Wydawnictwo Zysk i s-ka 2009<br \/>\n<strong>\u015aci\u015ble tajne. Nieznane fakty z historii Wielkopolski 1945-1989<\/strong> &#8211; Polskapresse 2009<br \/>\n<strong>Malawi pi\u0119kno i pasja<\/strong> &#8211; Biblioteka Akwarysty 2001, \u200bOficyna Wydawnicza Multico 2008<br \/>\n<strong>Za jak przeciw<\/strong> (poezja) &#8211; Biblioteka Ju\u017c Jest Jutro 1997<br \/>\n<strong>Wydzieranka<\/strong> (poezja) &#8211; Ruch Artystyczny 1992<br \/>\n<strong>Witra\u017c<\/strong> (poezja) &#8211; Ruch Artystyczny 1989<\/p>\n","protected":false},"excerpt":{"rendered":"<p>Kr\u00f3tka instrukcja obs\u0142ugi psa: Motyw &#8211; uka\u017ce si\u0119 w grudniu 2020 Rozstrzelani za uratowanie kobiety &#8211; Wydawnictwo Vesper 2018 Sprawa Jaros\u0142awa Zi\u0119tary &#8211; Wydawnictwo Sumptibus 2016, Oficyna KaeMKa i Wydawnictwo Sumptibus 2018 Kr\u00f3tka instrukcja obs\u0142ugi psa: Zemsta &#8211; Wydawnictwo Zysk i s-ka 2016 Kr\u00f3tka instrukcja obs\u0142ugi psa &#8211; Wydawnictwo Zysk i s-ka 2016 Sprawa Zi\u0119tary. <a href=\"https:\/\/www.sledczy.pl\/?page_id=465\" class=\"more-link\">Czytaj dalej <span class=\"screen-reader-text\">Ksi\u0105\u017cki<\/span> <span class=\"meta-nav\">&rarr;<\/span><\/a><\/p>\n","protected":false},"author":1,"featured_media":0,"parent":0,"menu_order":0,"comment_status":"closed","ping_status":"closed","template":"","meta":[],"_links":{"self":[{"href":"https:\/\/www.sledczy.pl\/index.php?rest_route=\/wp\/v2\/pages\/465"}],"collection":[{"href":"https:\/\/www.sledczy.pl\/index.php?rest_route=\/wp\/v2\/pages"}],"about":[{"href":"https:\/\/www.sledczy.pl\/index.php?rest_route=\/wp\/v2\/types\/page"}],"author":[{"embeddable":true,"href":"https:\/\/www.sledczy.pl\/index.php?rest_route=\/wp\/v2\/users\/1"}],"replies":[{"embeddable":true,"href":"https:\/\/www.sledczy.pl\/index.php?rest_route=%2Fwp%2Fv2%2Fcomments&post=465"}],"version-history":[{"count":25,"href":"https:\/\/www.sledczy.pl\/index.php?rest_route=\/wp\/v2\/pages\/465\/revisions"}],"predecessor-version":[{"id":604,"href":"https:\/\/www.sledczy.pl\/index.php?rest_route=\/wp\/v2\/pages\/465\/revisions\/604"}],"wp:attachment":[{"href":"https:\/\/www.sledczy.pl\/index.php?rest_route=%2Fwp%2Fv2%2Fmedia&parent=465"}],"curies":[{"name":"wp","href":"https:\/\/api.w.org\/{rel}","templated":true}]}}